 7
Suppose -5*q - 43 = 4*o, 2*q - 5*o + 4 = -0*q. Let t(k) = -k**3 - 6*k**2 + 6*k - 8. Let i be t(q). List the prime factors of i - (-1)/1 - -7.
7
Let b(u) = u**3 + 4*u**2 - 5*u + 3. Let p be 8/(-2)*5/4. Let s be b(p). Suppose 5 + 31 = s*r. List the prime factors of r.
2, 3
Let w(d) = 3*d**3 + d**2 - d. Let f be w(1). Suppose -135 = -3*p - 3*m, -p - 5*m = f*p - 181. List the prime factors of p.
2, 11
Let v(s) = s**3 - 2*s**2 - 2*s + 2. Suppose b + 12 = 5*b. What are the prime factors of v(b)?
5
Let q(t) = -t**3 - t**2 - t + 92. Let k be q(0). Suppose 2*w + 2*w - k = 0. List the prime factors of w.
23
Suppose -2*i = -z - 187, -11*z + 14*z - 191 = -2*i. List the prime factors of i.
2, 47
What are the prime factors of 63 + 2 + 3*-1?
2, 31
Let a = 6 - 10. What are the prime factors of 92/5 + a/10?
2, 3
Suppose 106 = 3*x - 32. List the prime factors of x.
2, 23
Let t(d) be the second derivative of -d**3 - d + 4 - 2*d**2 - 4. What are the prime factors of t(-3)?
2, 7
Let i be 2 - (5 + 2 + -5). Suppose -2*s + 51 + 9 = i. What are the prime factors of s?
2, 3, 5
Suppose -814 = -3*m - 3*y - 229, 787 = 4*m - 3*y. List the prime factors of m.
2, 7
Let m(o) = -o**2 - 5*o + 3. What are the prime factors of m(-3)?
3
Suppose -874 - 1254 = -7*q. What are the prime factors of q?
2, 19
Let z(r) be the second derivative of 11*r**5/20 - r**4/6 + r**2/2 - 3*r. What are the prime factors of z(1)?
2, 5
Let z be 2/(1 - (-15)/(-9)). Let d be (-4 - z) + 0 + -15. Let w = 23 + d. List the prime factors of w.
7
Let d(x) = -3*x**2 + 6*x - 5 - 2*x**2 + 2*x**2 - 2*x**2 + x**3. Let a be d(4). Let z = 3 + a. What are the prime factors of z?
2, 3
Let g(w) = -w**2 + 12*w - 5. Let z(t) = -t**3 - 6*t**2 + t + 14. Let h be z(-6). List the prime factors of g(h).
3
Suppose m + 4*m + 2*q = 34, -3*m + 14 = -2*q. What are the prime factors of m?
2, 3
Suppose -4*q - 5*t + 144 = 0, 0*q - 5*q + 3*t = -180. List the prime factors of q.
2, 3
Let m(v) = 14*v - 1. List the prime factors of m(2).
3
Suppose d = -4*j - d + 210, 5*j = -5*d + 260. Let a = -35 + j. What are the prime factors of a?
2, 3
Suppose -2*n = -n - 3. Suppose 0 = -4*i + n*a - a + 50, 0 = -4*i - 2*a + 70. List the prime factors of i.
3, 5
Suppose 0 = -3*v - 2*v + 510. Let f be v/24 + 2/(-8). Suppose f + 14 = 2*y. List the prime factors of y.
3
Let t = -6 - -11. Let s = t - 5. Suppose 5*k + 2*v - 42 = s, -k - 3*v = k - 8. List the prime factors of k.
2, 5
Let q(g) = 2*g**2. Let v be q(-1). Suppose -v*j + 2 = -94. Suppose 2*w = 6*w - j. List the prime factors of w.
2, 3
Let z(u) = 4*u**2 + u - 1. Suppose -2*l + i = -9, 2 = -5*l - 2*i + 11. Let c be (10 + -3 - l) + -2. List the prime factors of z(c).
17
Let d = 0 - -2. Suppose -2*i = -3*q + 6, 2*i = -d*q + 3*i + 5. Suppose -38 = -q*k + 6. What are the prime factors of k?
11
Suppose -5*a = -d - 12, 4*a = -2*d - 3*d - 2. List the prime factors of 5 + d + (-6)/(-3).
5
Suppose k + 2*k - 19 = -5*h, 2*h + k = 8. Let a(r) = r - 6. Let o be a(6). Suppose -h*b + 1 + 19 = o. List the prime factors of b.
2
Let a = 10 - 0. Suppose 0 = 4*j + j. Let p = j + a. What are the prime factors of p?
2, 5
Let j = 19 + -9. What are the prime factors of j?
2, 5
Let r(v) = -15*v + 11. List the prime factors of r(-9).
2, 73
Suppose -5*t - 4 + 29 = 0. What are the prime factors of t?
5
Suppose 6*s + 3 = 7*s. Suppose -s*y - 6 = -135. What are the prime factors of y?
43
Suppose p + 16 = 5*p. Let j(x) = x. Let g(t) = -t**2 + 2. Let d(i) = -g(i) - j(i). What are the prime factors of d(p)?
2, 5
Let k(x) = -8*x + 4. Let o be k(6). What are the prime factors of -1 - o/((-8)/(-4))?
3, 7
Suppose -2*n + 1 = -v + 16, -123 = -5*v - 2*n. Suppose 2*y + y = 6. Suppose y*t - v = d + 5, 0 = -4*t + 5*d + 68. List the prime factors of t.
2, 3
Suppose 5*m + 8 - 23 = 0. Let l be 4/(1/12*m). Let f = 26 - l. What are the prime factors of f?
2, 5
Let b(r) be the third derivative of 7/24*r**4 + 1/60*r**5 + 2/3*r**3 + 0*r + 0 + 2*r**2. List the prime factors of b(-7).
2
Let v(m) = 2*m**3 + m**2 + m + 2. Let w(r) = -r**2 - r - 1. Let q(s) = -v(s) - 3*w(s). Let u be q(-1). Suppose i - u*i = -6. List the prime factors of i.
3
Suppose -6*w + w + 10 = 0. Suppose 0 = w*x + 5*j - 15, -x - 5*j = 2*x - 30. List the prime factors of x.
3, 5
Let v be ((-30)/4)/((-6)/(-12)). Let q = -10 - v. What are the prime factors of q?
5
Suppose -3*x + 12 = 0, -122 = -5*k + 4*x - 2*x. List the prime factors of k.
2, 13
Let k(p) = 3*p**2 - 3*p - 9. List the prime factors of k(-4).
3, 17
Suppose -s - 2*s = -18. Suppose s*t = 3*t - 18. What are the prime factors of 8/t*(-84)/8?
2, 7
Let p = 5 + 0. Suppose 0 = -p*h - 2 - 88. What are the prime factors of (-4)/h + 34/9?
2
Suppose 2*y - y + 47 = -4*s, 3*s - y = -44. Suppose 0*g - 26 = -g. Let q = s + g. List the prime factors of q.
13
Suppose 4*r = -5*b + 658 + 387, -2*b + 2*r = -418. What are the prime factors of b?
11, 19
Let v(z) = z**2 - 7*z + 3. Suppose -3*w + 5 = 2*w. Let t be 1/(w/5) - -2. List the prime factors of v(t).
3
Let i(x) = x**2 - 4*x + 1. Let r be i(5). Let q be 3/r - (-29)/2. Suppose -4*c = -9*c + q. What are the prime factors of c?
3
Suppose 3*y - 72 = -y. Let x = -13 + y. Let v = x + -1. List the prime factors of v.
2
Suppose -2*a - 11 = -n + 4, 2 = 2*a. Suppose -2*q - 20 = 4*x, -8 = 3*q - 2*x + 14. Let p = q + n. What are the prime factors of p?
3
Let q(c) = -7*c - 16. List the prime factors of q(-7).
3, 11
Suppose -4*r = 5*j - 115, -5*r - 5*j = -6*j - 122. What are the prime factors of r?
5
Let y(c) = 7*c**2 + c - 1. List the prime factors of y(2).
29
Suppose x - 3*x = -12. Suppose -5*a + 14 = -x. List the prime factors of a.
2
Let k(g) = -g - 6. Let i(d) = -1. Let q(j) = 2*i(j) - k(j). Let m be q(-6). Let t(u) = 3*u**2 + u - 2. What are the prime factors of t(m)?
2
Let l be (6 + -5)*(7 + 1). Suppose 2*t + 3*o - 43 = 0, -4*o + l - 104 = -5*t. List the prime factors of t.
2, 5
Let l(t) be the first derivative of t**2/2 - 9*t + 6. Let m(r) = r**3 - 5*r**2 + r + 6. Let b be m(5). List the prime factors of l(b).
2
Let y = 1 + -1. Suppose 5*l - 110 = -2*s, 5*l - 2*s + y*s = 130. List the prime factors of l.
2, 3
Let k be (-6)/(-9)*(-3)/(-1). Suppose 2*r - 12 = -y - 2*r, -6 = -3*y - k*r. Suppose y - 15 = -5*w. What are the prime factors of w?
3
List the prime factors of 1 - 3 - -1*38.
2, 3
Suppose x - 5*x + 2*t + 930 = 0, 3*t = -2*x + 453. List the prime factors of x.
3, 7, 11
Suppose 0 = -3*t + 4*s + 331, -4*t + 0*s + s + 463 = 0. List the prime factors of t.
3, 13
Let s(u) = -1 - 4*u**2 + 5 - 13*u + u**3 + 14*u. What are the prime factors of s(5)?
2, 17
Suppose 3690 - 498 = 21*m. What are the prime factors of m?
2, 19
Suppose -4*h + 63 = -25. What are the prime factors of h?
2, 11
Suppose -3*l + 630 = 4*l. What are the prime factors of l?
2, 3, 5
Suppose -2*d - 2*h = -10, -2*h + 10 = 3*h. Suppose 3*o + 26 = 4*u, -5*o - d*u - 20 = -5*u. List the prime factors of o*(45/(-6) + 1).
13
Let j(m) = -54*m - 10. What are the prime factors of j(-3)?
2, 19
Suppose 0*u - 3*u = 15, -z = -u - 9. Suppose z*k = -5*w + 19, k = -w + 6*w - 14. Let x = w - -4. List the prime factors of x.
7
Let j(n) = -3*n**3 + n**2 + n. Let t be j(-2). Let p(v) = v**2 + 4*v. Let q be p(-3). What are the prime factors of q/(-9) - t/(-3)?
3
Suppose -3 = o - 24. Let r = o - -12. What are the prime factors of r?
3, 11
Let y(u) = -u**2 - 3*u + 12. Let r be y(-10). Let g = r - -88. What are the prime factors of g?
2, 3, 5
Suppose -3*o + 50 = 5*j + o, -o + 10 = j. Let w be -1*2/(-4)*-2. Let r = j + w. What are the prime factors of r?
3
Let i = -1 + 4. Suppose 2*p + i = -5. What are the prime factors of 4 - 2 - 1 - p?
5
Let n be (-3 - 2 - -3) + 35. Suppose -67 = -4*h + n. What are the prime factors of h?
5
Suppose 4*k - 15 = -b + 2, 5*b = -3*k. List the prime factors of b*(-2 + 40/(-12)).
2
Let g be (3 - 4) + (3 - 1). Let u = g + 9. List the prime factors of u.
2, 5
Let l(u) = -5*u + 3. Let o(i) = 6*i - 3. Let a(r) = -3*l(r) - 2*o(r). List the prime factors of a(2).
3
Let s(q) = -4*q + q**2 + 2 + 2 + 0*q. Let j be s(4). Suppose 0 = 8*b - j*b - 36. List the prime factors of b.
3
Suppose -75 = -5*p + 25. What are the prime factors of 68/10 + 4/p?
7
Let f(m) = m**2 - 5*m. Let s be f(4). Let n = 8 + s. Suppose 3*t = -3*v + 51, n*t - 3